{"id":2579,"date":"2024-01-05T23:14:00","date_gmt":"2024-01-05T23:14:00","guid":{"rendered":"https:\/\/themaradonastore.com\/?page_id=2579"},"modified":"2024-01-05T23:14:01","modified_gmt":"2024-01-05T23:14:01","slug":"terminos-y-condiciones","status":"publish","type":"page","link":"https:\/\/themaradonastore.com\/?page_id=2579","title":{"rendered":"T\u00e9rminos y condiciones"},"content":{"rendered":"\n<p>Este contrato describe los t\u00e9rminos y condiciones generales aplicables al uso de<br>los contenidos, productos y servicios ofrecidos a trav\u00e9s de este sitio web<br>(www.themaradonastore.com), de cual es titular Textil Pampeana S.L.<br>Es requisito necesario para la adquisici\u00f3n de los productos que se ofrecen en este<br>sitio, que lea y acepte los siguientes T\u00e9rminos y Condiciones que a continuaci\u00f3n<br>se detallan.<br>El uso de nuestros servicios, as\u00ed como la compra de nuestros productos implicar\u00e1<br>que usted ha le\u00eddo y aceptado los T\u00e9rminos y Condiciones de Uso en el presente<br>documento.<br>Todas las compras y transacciones que se lleven a cabo por medio de este sitio<br>web, est\u00e1n sujetas a un proceso de confirmaci\u00f3n y verificaci\u00f3n, el cual podr\u00eda<br>incluir la verificaci\u00f3n del stock y disponibilidad de producto, validaci\u00f3n de la forma<br>de pago, validaci\u00f3n de la factura (en caso de existir) y el cumplimiento de las<br>condiciones requeridas por el medio de pago seleccionado. En algunos casos<br>puede que se requiera una verificaci\u00f3n por medio de correo electr\u00f3nico.<br>Los precios de los productos ofrecidos en www.themaradonastore.com son v\u00e1lidos<br>solamente en las compras realizadas en este sitio web.<br>NUESTROS DATOS:<br>La venta de art\u00edculos a trav\u00e9s de esta p\u00e1gina web es realizada bajo la<br>denominaci\u00f3n D10S M10 por TEXTIL PAMPEANA SL, sociedad espa\u00f1ola con<br>domicilio en Calle Cervantes 16, 2do E, 28231 Las Rozas de Madrid (Madrid),<br>inscrita en el Registro Mercantil de Madrid, al Tomo 44146, folio 40, inscripci\u00f3n 1<br>con hoja M-778492 y NIF B-72614712 con tel\u00e9fono [tel\u00e9fono cuando lo definamos]<br>y correo electr\u00f3nico contacto@d10sm10.com<br>El acceso y uso de este sitio web, &#8220;themaradonastore.com&#8221;, se rige por los<br>siguientes t\u00e9rminos y condiciones:<\/p>\n\n\n\n<ol class=\"wp-block-list\">\n<li>Aceptaci\u00f3n de T\u00e9rminos y Condiciones: Al acceder y utilizar este sitio,<br>aceptas cumplir con estos t\u00e9rminos y condiciones. Si no est\u00e1s de acuerdo<br>con alguno de estos t\u00e9rminos, te rogamos que no utilices este sitio.<\/li>\n\n\n\n<li>Modificaciones de los T\u00e9rminos: Textil Pampeana SL se reserva el<br>derecho de modificar estos t\u00e9rminos y condiciones en cualquier momento.<br>Cualquier modificaci\u00f3n se har\u00e1 efectiva inmediatamente despu\u00e9s de su<br>publicaci\u00f3n en este sitio web. Es tu responsabilidad revisar peri\u00f3dicamente<br>estos t\u00e9rminos y condiciones para estar al tanto de las actualizaciones.<\/li>\n\n\n\n<li>Uso Autorizado: Este sitio web es para uso personal y no comercial. No<br>puedes utilizar este sitio para fines ilegales o no autorizados. No puedes<br>copiar, distribuir o modificar ning\u00fan contenido de este sitio sin el permiso<br>expreso de Textil Pampeana SL.<\/li>\n\n\n\n<li>Propiedad Intelectual: Todos los derechos de propiedad intelectual,<br>incluyendo, pero no limitado a derechos de autor, marcas comerciales y<br>patentes, relacionados con el contenido de este sitio web son propiedad de<\/li>\n<\/ol>\n\n\n\n<p>Textil Pampeana SL o de terceros con licencia para su uso. El uso no<br>autorizado de cualquier contenido de este sitio puede estar sujeto a<br>sanciones legales.<\/p>\n\n\n\n<ol class=\"wp-block-list\" start=\"5\">\n<li>Enlaces a Terceros: Este sitio puede contener enlaces a sitios web de<br>terceros. Estos enlaces se proporcionan solo como una conveniencia y no<br>implican respaldo por parte de Textil Pampeana SL. No somos<br>responsables por el contenido de sitios web de terceros<\/li>\n\n\n\n<li>Privacidad: La recopilaci\u00f3n y el uso de datos personales se rigen por<br>nuestra Pol\u00edtica de Privacidad, que puedes encontrar [aqu\u00ed] (enlace a la<br>Pol\u00edtica de Privacidad).<\/li>\n\n\n\n<li>Limitaci\u00f3n de Responsabilidad: Este sitio web se proporciona &#8220;tal cual&#8221; y<br>Textil Pampeana SL no ofrece garant\u00edas de ning\u00fan tipo con respecto a su<br>funcionamiento. No seremos responsables de ning\u00fan da\u00f1o directo, indirecto<br>o consecuente que resulte del uso de este sitio.<\/li>\n\n\n\n<li>Jurisdicci\u00f3n y Ley Aplicable: Estos t\u00e9rminos y condiciones se rigen por las<br>leyes de Espa\u00f1a y cualquier disputa que surja en relaci\u00f3n con este sitio web<br>se someter\u00e1 a la jurisdicci\u00f3n exclusiva de los tribunales de Espa\u00f1a.<\/li>\n\n\n\n<li>Contacto: Si tienes alguna pregunta o comentario sobre estos t\u00e9rminos y<br>condiciones, por favor cont\u00e1ctanos en mercadolibre@d10sm10.com<\/li>\n<\/ol>\n","protected":false},"excerpt":{"rendered":"<p>Este contrato describe los t\u00e9rminos y condiciones generales aplicables al uso delos contenidos, productos y servicios ofrecidos a trav\u00e9s de este sitio web(www.themaradonastore.com), de cual es titular Textil Pampeana S.L.Es requisito necesario para la adquisici\u00f3n de los productos que se ofrecen en estesitio, que lea y acepte los siguientes T\u00e9rminos y Condiciones que a continuaci\u00f3nse&#8230;<\/p>\n","protected":false},"author":1,"featured_media":0,"parent":0,"menu_order":0,"comment_status":"closed","ping_status":"closed","template":"","meta":{"om_disable_all_campaigns":false,"_monsterinsights_skip_tracking":false,"_monsterinsights_sitenote_active":false,"_monsterinsights_sitenote_note":"","_monsterinsights_sitenote_category":0,"_uf_show_specific_survey":0,"_uf_disable_surveys":false,"_kad_post_transparent":"","_kad_post_title":"","_kad_post_layout":"","_kad_post_sidebar_id":"","_kad_post_content_style":"","_kad_post_vertical_padding":"","_kad_post_feature":"","_kad_post_feature_position":"","_kad_post_header":false,"_kad_post_footer":false,"footnotes":""},"class_list":["post-2579","page","type-page","status-publish","hentry"],"aioseo_notices":[],"_links":{"self":[{"href":"https:\/\/themaradonastore.com\/index.php?rest_route=\/wp\/v2\/pages\/2579","targetHints":{"allow":["GET"]}}],"collection":[{"href":"https:\/\/themaradonastore.com\/index.php?rest_route=\/wp\/v2\/pages"}],"about":[{"href":"https:\/\/themaradonastore.com\/index.php?rest_route=\/wp\/v2\/types\/page"}],"author":[{"embeddable":true,"href":"https:\/\/themaradonastore.com\/index.php?rest_route=\/wp\/v2\/users\/1"}],"replies":[{"embeddable":true,"href":"https:\/\/themaradonastore.com\/index.php?rest_route=%2Fwp%2Fv2%2Fcomments&post=2579"}],"version-history":[{"count":0,"href":"https:\/\/themaradonastore.com\/index.php?rest_route=\/wp\/v2\/pages\/2579\/revisions"}],"wp:attachment":[{"href":"https:\/\/themaradonastore.com\/index.php?rest_route=%2Fwp%2Fv2%2Fmedia&parent=2579"}],"curies":[{"name":"wp","href":"https:\/\/api.w.org\/{rel}","templated":true}]}}