{"id":1873,"date":"2024-01-03T17:51:00","date_gmt":"2024-01-03T17:51:00","guid":{"rendered":"https:\/\/themaradonastore.com\/?post_type=product&#038;p=1873"},"modified":"2025-02-07T14:06:19","modified_gmt":"2025-02-07T14:06:19","slug":"camiseta-royal-napoli-coleccion-1984-maradona","status":"publish","type":"product","link":"https:\/\/themaradonastore.com\/?product=camiseta-royal-napoli-coleccion-1984-maradona","title":{"rendered":"CAMISETA DE FUTBOL ROYAL &#8211; MARADONA | COLECCI\u00d3N 1984"},"content":{"rendered":"\n<p>COLECCION 1984, Dise\u00f1o inspirado en el equipo napolitano, conmemorando el a\u00f1o que Diego aterriz\u00f3 en N\u00e1poles y cambi\u00f3 el destino del club para siempre. Color celeste Napoli, capturando la pasi\u00f3n y el alma de la ciudad en cada prenda.<\/p>\n\n\n\n<p>TELA LYCRA CON MICROFIBRA SUBLIMADA, DRY FIT Y RIBB TEJIDO<\/p>\n\n\n\n<p>Lycra de gran confort, respirable, regula la temperatura corporal, con laterales y espalda en Dry Fit al tono que aseguran que la prenda evapore la transpiraci\u00f3n con mayor facilidad dando una mejor sensaci\u00f3n de frescura.<\/p>\n\n\n\n<p>Dise\u00f1o conmemorativo del pase de Diego por el Napole, color Celeste Napole con estampas serigrafeadas MARADONA 10 y la firma del astro en la espalda.<\/p>\n\n\n\n<p>Cuellos y mangas tejidos en color plata para darle un toque de distinci\u00f3n \u00fanico<\/p>\n\n\n\n<p>Dorso ventilado, combinando cuello y centro de espalda dryfit y resto en lycra con la firma del 10 sublimada. Espalda de mayor longitud que la seccion delantera para darle a usuario una mejor experiencia en el uso en movimiento.<\/p>\n\n\n\n<p>Laterales combinados dryfit y lycra<\/p>\n\n\n\n<p>Propiedades: elasticidad y confort, no transparenta, Anti-Pilling, Resistecia y Adherencia.<\/p>\n\n\n\n<p>Selecciona tu talle revisando las m\u00e9tricas de la tabla de talles que figura en las im\u00e1genes<\/p>\n\n\n\n<p>CAMISETA DE CALIDAD INTERNACIONAL &#8211; HECHA EN ARGENTINA PARA EL MUNDO (COMO EL DIEGO)<\/p>\n\n\n\n<p class=\"has-extra-small-font-size\">PRODUCTO OFICIAL &#8211; MARADONA OFFICIAL BRAND &#8211; con grifa estampada interior y carton con codigo de barras SKU &#8211; En bolsa cristal con solapa autoadherible con logos maradona impresos &#8211; bulto de 0.31Kg tama\u00f1o 33x22x1cm<\/p>\n","protected":false},"excerpt":{"rendered":"<p><strong>CAMISETA DE FUTBOL<\/strong><br \/>Laterales y Espalda DRY FIT-Antipilling-Lycra de gran confort-No transparenta<\/p>\n","protected":false},"featured_media":2992,"comment_status":"open","ping_status":"closed","template":"","meta":{"om_disable_all_campaigns":false,"_monsterinsights_skip_tracking":false,"_monsterinsights_sitenote_active":false,"_monsterinsights_sitenote_note":"","_monsterinsights_sitenote_category":0,"_uf_show_specific_survey":0,"_uf_disable_surveys":false,"_kad_post_transparent":"","_kad_post_title":"","_kad_post_layout":"","_kad_post_sidebar_id":"","_kad_post_content_style":"","_kad_post_vertical_padding":"","_kad_post_feature":"","_kad_post_feature_position":"","_kad_post_header":false,"_kad_post_footer":false},"product_brand":[],"product_cat":[62,304,56,302,55,53,52,229,51],"product_tag":[42,43,40,168,165,65,41,109,39,73,74,134,215],"class_list":{"0":"post-1873","1":"product","2":"type-product","3":"status-publish","4":"has-post-thumbnail","6":"product_cat-entrenamiento","7":"product_cat-304","8":"product_cat-camiseta","9":"product_cat-colecciones-de-futbol","10":"product_cat-futbol","11":"product_cat-indumentaria","12":"product_cat-producto","13":"product_cat-remera-deportiva","14":"product_cat-universo-d10s","15":"product_tag-camiseta","16":"product_tag-coleccion-1984","17":"product_tag-deporte","18":"product_tag-deportiva","19":"product_tag-dry-fit","20":"product_tag-entrenamiento","21":"product_tag-futbol","22":"product_tag-hombre","23":"product_tag-indumentaria","24":"product_tag-maradona","25":"product_tag-napoli","26":"product_tag-remera","27":"product_tag-royal","29":"first","30":"instock","31":"sale","32":"featured","33":"taxable","34":"shipping-taxable","35":"purchasable","36":"product-type-variable","37":"entry","38":"content-bg","39":"loop-entry"},"aioseo_notices":[],"_links":{"self":[{"href":"https:\/\/themaradonastore.com\/index.php?rest_route=\/wp\/v2\/product\/1873","targetHints":{"allow":["GET"]}}],"collection":[{"href":"https:\/\/themaradonastore.com\/index.php?rest_route=\/wp\/v2\/product"}],"about":[{"href":"https:\/\/themaradonastore.com\/index.php?rest_route=\/wp\/v2\/types\/product"}],"replies":[{"embeddable":true,"href":"https:\/\/themaradonastore.com\/index.php?rest_route=%2Fwp%2Fv2%2Fcomments&post=1873"}],"wp:featuredmedia":[{"embeddable":true,"href":"https:\/\/themaradonastore.com\/index.php?rest_route=\/wp\/v2\/media\/2992"}],"wp:attachment":[{"href":"https:\/\/themaradonastore.com\/index.php?rest_route=%2Fwp%2Fv2%2Fmedia&parent=1873"}],"wp:term":[{"taxonomy":"product_brand","embeddable":true,"href":"https:\/\/themaradonastore.com\/index.php?rest_route=%2Fwp%2Fv2%2Fproduct_brand&post=1873"},{"taxonomy":"product_cat","embeddable":true,"href":"https:\/\/themaradonastore.com\/index.php?rest_route=%2Fwp%2Fv2%2Fproduct_cat&post=1873"},{"taxonomy":"product_tag","embeddable":true,"href":"https:\/\/themaradonastore.com\/index.php?rest_route=%2Fwp%2Fv2%2Fproduct_tag&post=1873"}],"curies":[{"name":"wp","href":"https:\/\/api.w.org\/{rel}","templated":true}]}}