{"id":2171,"date":"2024-01-04T13:46:20","date_gmt":"2024-01-04T13:46:20","guid":{"rendered":"https:\/\/themaradonastore.com\/?post_type=product&#038;p=2171"},"modified":"2025-08-19T13:09:19","modified_gmt":"2025-08-19T13:09:19","slug":"boxer-alfa-pro-maradona-golden-gris-azul","status":"publish","type":"product","link":"https:\/\/themaradonastore.com\/?product=boxer-alfa-pro-maradona-golden-gris-azul","title":{"rendered":"BOXER ALFA PRO &#8211; MARADONA | COLECCI\u00d3N 2018"},"content":{"rendered":"\n<p>TELA 80% ALGOD\u00d3N 18% POLIAMIDA 1% POLIESTER 1% ELASTANO <\/p>\n\n\n\n<p>Realizado con la mayor calidad en tela, su cintura con punto morley tejido en algod\u00f3n, poliamida, poli\u00e9ster y elastano con un bordado por delante y por detras,  MARADONA.<\/p>\n\n\n\n<p>En su versi\u00f3n GOLDEN, el dise\u00f1o es conmemorativo esta colecci\u00f3n rinde homenaje a su carrera de ORO haciendole un gui\u00f1o a su breve pero intensa estad\u00eda en el banquillo de los Dorados de Culiac\u00e1n. <\/p>\n\n\n\n<p>Propiedades: refuerzo en entrepierna, tela muy confortable y comoda. <\/p>\n\n\n\n<p>Selecciona tu talle revisando las m\u00e9tricas de la tabla de talles que figura en las im\u00e1genes<\/p>\n\n\n\n<p class=\"has-extra-small-font-size\">PRODUCTO OFICIAL &#8211; MARADONA OFFICIAL BRAND &#8211; con grifa estampada interior y cart\u00f3n con c\u00f3digo de barras SKU &#8211; En bolsa cristal con solapa autoadherible con logos Maradona impresos &#8211; bulto de 0.115Kg tama\u00f1o 16x12x3.5cm<\/p>\n","protected":false},"excerpt":{"rendered":"<p><strong>BOXER ALFA PRO<\/strong><br \/>Refuerzo delantero-Calce perfecto-Elastico suave<\/p>\n","protected":false},"featured_media":3022,"comment_status":"open","ping_status":"closed","template":"","meta":{"om_disable_all_campaigns":false,"_monsterinsights_skip_tracking":false,"_monsterinsights_sitenote_active":false,"_monsterinsights_sitenote_note":"","_monsterinsights_sitenote_category":0,"_uf_show_specific_survey":0,"_uf_disable_surveys":false,"_kad_post_transparent":"","_kad_post_title":"","_kad_post_layout":"","_kad_post_sidebar_id":"","_kad_post_content_style":"","_kad_post_vertical_padding":"","_kad_post_feature":"","_kad_post_feature_position":"","_kad_post_header":false,"_kad_post_footer":false},"product_brand":[],"product_cat":[61,53,52,51],"product_tag":[147,214,104,100,158,179,39,73,159,212,213,154,60],"class_list":{"0":"post-2171","1":"product","2":"type-product","3":"status-publish","4":"has-post-thumbnail","6":"product_cat-urbana","7":"product_cat-indumentaria","8":"product_cat-producto","9":"product_cat-universo-d10s","10":"product_tag-alfa","11":"product_tag-azul","12":"product_tag-boxer","13":"product_tag-coleccion-2018","14":"product_tag-golden","15":"product_tag-gris","16":"product_tag-indumentaria","17":"product_tag-maradona","18":"product_tag-negro","19":"product_tag-pro","20":"product_tag-refuerzo","21":"product_tag-urbana","22":"product_tag-urbano","24":"first","25":"instock","26":"sale","27":"taxable","28":"shipping-taxable","29":"purchasable","30":"product-type-variable","31":"entry","32":"content-bg","33":"loop-entry"},"aioseo_notices":[],"_links":{"self":[{"href":"https:\/\/themaradonastore.com\/index.php?rest_route=\/wp\/v2\/product\/2171","targetHints":{"allow":["GET"]}}],"collection":[{"href":"https:\/\/themaradonastore.com\/index.php?rest_route=\/wp\/v2\/product"}],"about":[{"href":"https:\/\/themaradonastore.com\/index.php?rest_route=\/wp\/v2\/types\/product"}],"replies":[{"embeddable":true,"href":"https:\/\/themaradonastore.com\/index.php?rest_route=%2Fwp%2Fv2%2Fcomments&post=2171"}],"wp:featuredmedia":[{"embeddable":true,"href":"https:\/\/themaradonastore.com\/index.php?rest_route=\/wp\/v2\/media\/3022"}],"wp:attachment":[{"href":"https:\/\/themaradonastore.com\/index.php?rest_route=%2Fwp%2Fv2%2Fmedia&parent=2171"}],"wp:term":[{"taxonomy":"product_brand","embeddable":true,"href":"https:\/\/themaradonastore.com\/index.php?rest_route=%2Fwp%2Fv2%2Fproduct_brand&post=2171"},{"taxonomy":"product_cat","embeddable":true,"href":"https:\/\/themaradonastore.com\/index.php?rest_route=%2Fwp%2Fv2%2Fproduct_cat&post=2171"},{"taxonomy":"product_tag","embeddable":true,"href":"https:\/\/themaradonastore.com\/index.php?rest_route=%2Fwp%2Fv2%2Fproduct_tag&post=2171"}],"curies":[{"name":"wp","href":"https:\/\/api.w.org\/{rel}","templated":true}]}}