{"id":2199,"date":"2024-01-04T15:59:09","date_gmt":"2024-01-04T15:59:09","guid":{"rendered":"https:\/\/themaradonastore.com\/?post_type=product&#038;p=2199"},"modified":"2025-04-04T22:07:34","modified_gmt":"2025-04-04T22:07:34","slug":"kit-media-pantorrillera-negra-maradona","status":"publish","type":"product","link":"https:\/\/themaradonastore.com\/?product=kit-media-pantorrillera-negra-maradona","title":{"rendered":"KIT MEDIA PANTORRILLERA &#8211; MARADONA | COLECCI\u00d3N 2018"},"content":{"rendered":"\n<p>Las medias de compresi\u00f3n son un tipo de prenda compresiva, ajustada y el\u00e1stica cuya principal acci\u00f3n es generar presi\u00f3n favoreciendo el retorno venoso. Tradicionalmente las medias compresivas se han usado en el \u00e1mbito de la recuperaci\u00f3n de pacientes con problemas circulatorios. Sin embargo, en los \u00faltimos a\u00f1os se han encontrado evidencias cient\u00edficas que sugieren beneficios para la pr\u00e1ctica deportiva<\/p>\n\n\n\n<p><strong>Las medias de compresi\u00f3n ofrecen varios beneficios para la pr\u00e1ctica deportiva:<\/strong><\/p>\n\n\n\n<ul class=\"wp-block-list\">\n<li>Mejoran el rendimiento deportivo: Al mejorar la circulaci\u00f3n en tus piernas, tu rendimiento en la pr\u00e1ctica deportiva que realices mejorar\u00e1.<\/li>\n\n\n\n<li> Previenen enfermedades del sistema circulatorio: El soporte que unas medias de compresi\u00f3n a las venas es importante y el aumento de la velocidad de tu circulaci\u00f3n lo tienes que aprovechar al usar estas medias.<\/li>\n\n\n\n<li> Reducen la hipotensi\u00f3n ortost\u00e1tica, condici\u00f3n que se presenta justo cuando una persona termina de hacer deporte y empieza a experimentar mareos, desequilibrio o inestabilidad cuando se quiere poner de pie.<\/li>\n\n\n\n<li>Mejoran el flujo sangu\u00edneo: Las medias de compresi\u00f3n mejoran el flujo de sangre desde tu coraz\u00f3n a todas las partes de tu cuerpo especialmente las piernas.<\/li>\n\n\n\n<li>Aumentan el suministro de ox\u00edgeno a los m\u00fasculos: Un deportista depende mucho de una gran capacidad pulmonar y para eso una oxigenaci\u00f3n adecuada de los m\u00fasculos es vital.<\/li>\n\n\n\n<li>Mejoran la resistencia y el rendimiento aer\u00f3bico\/anaer\u00f3bico.<\/li>\n\n\n\n<li>Reducen la aparici\u00f3n de fatiga y los dolores musculares.<\/li>\n\n\n\n<li>Favorecen la recuperaci\u00f3n despu\u00e9s de los entrenamientos.<\/li>\n\n\n\n<li>Ofrecen mayor sujeci\u00f3n de los m\u00fasculos.<\/li>\n<\/ul>\n\n\n\n<p><strong>Las medias con antideslizante, tambi\u00e9n conocidas como calcetines antideslizantes, tienen varias aplicaciones y beneficios:<\/strong><\/p>\n\n\n\n<ul class=\"wp-block-list\">\n<li><strong>Seguridad: <\/strong>Su suela con gomitas o \u201cgrips\u201d ayuda a prevenir deslizamientos o resbalones en cualquier superficie, tapete o equipo. Esto es especialmente \u00fatil en deportes como pilates, yoga, barre, danza y artes marciales.<\/li>\n\n\n\n<li><strong>Eficiencia: <\/strong>Permiten un mejor desempe\u00f1o en diversas actividades f\u00edsicas y deportes al proporcionar un agarre \u00f3ptimo a la suela de la zapatilla, logrando as\u00ed un equilibrio perfecto de soporte y movilidad.<\/li>\n\n\n\n<li><strong>Higiene<\/strong>: Protegen contra bacterias peligrosas presentes en el suelo de gimnasios o academias de yoga.<\/li>\n\n\n\n<li><strong>Uso dom\u00e9stico: <\/strong>Algunas personas los usan dentro de sus casas para evitar accidentes en superficies resbaladizas<\/li>\n<\/ul>\n\n\n\n<p>En este producto el <strong>talle es UNICO<\/strong><\/p>\n\n\n\n<p>CON CALIDAD INTERNACIONAL \u2013 HECHA EN ARGENTINA PARA EL MUNDO (COMO EL DIEGO)<\/p>\n\n\n\n<p>PRODUCTO OFICIAL &#8211; MARADONA OFFICIAL BRAND &#8211; con grifa estampada interior y cart\u00f3n con c\u00f3digo de barras SKU &#8211; En bolsa cristal con solapa autoadherible con logos Maradona impresos &#8211; bulto de 0.121Kg tama\u00f1o 27x9x5.5cm<\/p>\n","protected":false},"excerpt":{"rendered":"<p><strong>KIT MEDIA Y PANTORRILLERA<\/strong><br \/>Grip-Compresi\u00f3n en \u00e1reas Importantes-Mayor sujeci\u00f3n<\/p>\n","protected":false},"featured_media":3180,"comment_status":"open","ping_status":"closed","template":"","meta":{"om_disable_all_campaigns":false,"_monsterinsights_skip_tracking":false,"_monsterinsights_sitenote_active":false,"_monsterinsights_sitenote_note":"","_monsterinsights_sitenote_category":0,"_uf_show_specific_survey":0,"_uf_disable_surveys":false,"_kad_post_transparent":"","_kad_post_title":"","_kad_post_layout":"","_kad_post_sidebar_id":"","_kad_post_content_style":"","_kad_post_vertical_padding":"","_kad_post_feature":"","_kad_post_feature_position":"","_kad_post_header":false,"_kad_post_footer":false},"product_brand":[],"product_cat":[62,303,302,55,53,52,51],"product_tag":[100,183,40,168,65,41,158,185,109,39,184,73,106,175,64,107,108,180,181,182],"class_list":{"0":"post-2199","1":"product","2":"type-product","3":"status-publish","4":"has-post-thumbnail","6":"product_cat-entrenamiento","7":"product_cat-303","8":"product_cat-colecciones-de-futbol","9":"product_cat-futbol","10":"product_cat-indumentaria","11":"product_cat-producto","12":"product_cat-universo-d10s","13":"product_tag-coleccion-2018","14":"product_tag-compresion","15":"product_tag-deporte","16":"product_tag-deportiva","17":"product_tag-entrenamiento","18":"product_tag-futbol","19":"product_tag-golden","20":"product_tag-grip","21":"product_tag-hombre","22":"product_tag-indumentaria","23":"product_tag-kit","24":"product_tag-maradona","25":"product_tag-media","26":"product_tag-medias","27":"product_tag-mujer","28":"product_tag-pantorrilla","29":"product_tag-pantorrillera","30":"product_tag-reforzadas","31":"product_tag-talonera","32":"product_tag-tobillo","34":"first","35":"instock","36":"sale","37":"taxable","38":"shipping-taxable","39":"purchasable","40":"product-type-variable","41":"has-default-attributes","42":"entry","43":"content-bg","44":"loop-entry"},"aioseo_notices":[],"_links":{"self":[{"href":"https:\/\/themaradonastore.com\/index.php?rest_route=\/wp\/v2\/product\/2199","targetHints":{"allow":["GET"]}}],"collection":[{"href":"https:\/\/themaradonastore.com\/index.php?rest_route=\/wp\/v2\/product"}],"about":[{"href":"https:\/\/themaradonastore.com\/index.php?rest_route=\/wp\/v2\/types\/product"}],"replies":[{"embeddable":true,"href":"https:\/\/themaradonastore.com\/index.php?rest_route=%2Fwp%2Fv2%2Fcomments&post=2199"}],"wp:featuredmedia":[{"embeddable":true,"href":"https:\/\/themaradonastore.com\/index.php?rest_route=\/wp\/v2\/media\/3180"}],"wp:attachment":[{"href":"https:\/\/themaradonastore.com\/index.php?rest_route=%2Fwp%2Fv2%2Fmedia&parent=2199"}],"wp:term":[{"taxonomy":"product_brand","embeddable":true,"href":"https:\/\/themaradonastore.com\/index.php?rest_route=%2Fwp%2Fv2%2Fproduct_brand&post=2199"},{"taxonomy":"product_cat","embeddable":true,"href":"https:\/\/themaradonastore.com\/index.php?rest_route=%2Fwp%2Fv2%2Fproduct_cat&post=2199"},{"taxonomy":"product_tag","embeddable":true,"href":"https:\/\/themaradonastore.com\/index.php?rest_route=%2Fwp%2Fv2%2Fproduct_tag&post=2199"}],"curies":[{"name":"wp","href":"https:\/\/api.w.org\/{rel}","templated":true}]}}