{"id":3903,"date":"2025-02-06T14:36:30","date_gmt":"2025-02-06T14:36:30","guid":{"rendered":"https:\/\/themaradonastore.com\/?post_type=product&#038;p=3903"},"modified":"2025-05-15T12:13:12","modified_gmt":"2025-05-15T12:13:12","slug":"camiseta-de-futbol-coleccion-d10s-por-el-club-boca-maradona","status":"publish","type":"product","link":"https:\/\/themaradonastore.com\/?product=camiseta-de-futbol-coleccion-d10s-por-el-club-boca-maradona","title":{"rendered":"CAMISETA DE FUTBOL COLECCION D10S POR EL Club, Boca &#8211; MARADONA"},"content":{"rendered":"<p>COLECCION D10S POR EL CLUB, Este dise\u00f1o esta inspirado en el equipo de la rivera, Boca Juniors, conmemorando el a\u00f1o que Diego comenz\u00f3 su pasi\u00f3n por ese club y lo acompa\u00f1o por toda su vidal. En esta edici\u00f3n, podemos encontrar un modelo diferente que mantiene el esp\u00edritu del Diego en todo su esplendor, con su caracter\u00edstica cinta de capit\u00e1n, y detalles de la bandera boquense en cuello y mangas.<\/p>\n<p>TEJIDO EN COOL CON SPANDEX, Y DRY FIT, SON DE SECADO RAPIDO.<\/p>\n<p>Gran confort, respirable, regula la temperatura corporal, con laterales y espalda en Dry Fit al tono que aseguran que la prenda evapore la transpiraci\u00f3n con mayor facilidad dando una mejor sensaci\u00f3n de frescura.<br \/>Cuellos y mangas tejidos en Ribb sintetico con los colores de la bandera de Italia.<br \/>Propiedades: elasticidad y confort, no transparenta, Anti-Pilling, Resistencia y Adherencia.<\/p>\n<p>Selecciona tu talle revisando las m\u00e9tricas de la tabla de talles que figura en las im\u00e1genes<\/p>\n<p>CAMISETA DE CALIDAD INTERNACIONAL \u2013 HECHA EN ARGENTINA PARA EL MUNDO (COMO EL DIEGO)<br \/>PRODUCTO OFICIAL \u2013 MARADONA OFFICIAL BRAND \u2013<\/p>\n","protected":false},"excerpt":{"rendered":"<p>TEJIDO EN COOL CON SPANDEX, Y DRY FIT  &#8211; SECADO RAPIDO<\/p>\n","protected":false},"featured_media":3904,"comment_status":"open","ping_status":"closed","template":"","meta":{"om_disable_all_campaigns":false,"_monsterinsights_skip_tracking":false,"_monsterinsights_sitenote_active":false,"_monsterinsights_sitenote_note":"","_monsterinsights_sitenote_category":0,"_uf_show_specific_survey":0,"_uf_disable_surveys":false,"_kad_post_transparent":"","_kad_post_title":"","_kad_post_layout":"","_kad_post_sidebar_id":"","_kad_post_content_style":"","_kad_post_vertical_padding":"","_kad_post_feature":"","_kad_post_feature_position":"","_kad_post_header":false,"_kad_post_footer":false},"product_brand":[],"product_cat":[62,56,302,306,55,53,52,229,51],"product_tag":[246,214,178,245,42,243,244,65,41,134],"class_list":{"0":"post-3903","1":"product","2":"type-product","3":"status-publish","4":"has-post-thumbnail","6":"product_cat-entrenamiento","7":"product_cat-camiseta","8":"product_cat-colecciones-de-futbol","9":"product_cat-d10s-por-el-club","10":"product_cat-futbol","11":"product_cat-indumentaria","12":"product_cat-producto","13":"product_cat-remera-deportiva","14":"product_cat-universo-d10s","15":"product_tag-amarillo","16":"product_tag-azul","17":"product_tag-blanco","18":"product_tag-boca","19":"product_tag-camiseta","20":"product_tag-coleccion","21":"product_tag-d10s-por-el-club","22":"product_tag-entrenamiento","23":"product_tag-futbol","24":"product_tag-remera","26":"first","27":"instock","28":"sale","29":"taxable","30":"shipping-taxable","31":"purchasable","32":"product-type-variable","33":"has-default-attributes","34":"entry","35":"content-bg","36":"loop-entry"},"aioseo_notices":[],"_links":{"self":[{"href":"https:\/\/themaradonastore.com\/index.php?rest_route=\/wp\/v2\/product\/3903","targetHints":{"allow":["GET"]}}],"collection":[{"href":"https:\/\/themaradonastore.com\/index.php?rest_route=\/wp\/v2\/product"}],"about":[{"href":"https:\/\/themaradonastore.com\/index.php?rest_route=\/wp\/v2\/types\/product"}],"replies":[{"embeddable":true,"href":"https:\/\/themaradonastore.com\/index.php?rest_route=%2Fwp%2Fv2%2Fcomments&post=3903"}],"wp:featuredmedia":[{"embeddable":true,"href":"https:\/\/themaradonastore.com\/index.php?rest_route=\/wp\/v2\/media\/3904"}],"wp:attachment":[{"href":"https:\/\/themaradonastore.com\/index.php?rest_route=%2Fwp%2Fv2%2Fmedia&parent=3903"}],"wp:term":[{"taxonomy":"product_brand","embeddable":true,"href":"https:\/\/themaradonastore.com\/index.php?rest_route=%2Fwp%2Fv2%2Fproduct_brand&post=3903"},{"taxonomy":"product_cat","embeddable":true,"href":"https:\/\/themaradonastore.com\/index.php?rest_route=%2Fwp%2Fv2%2Fproduct_cat&post=3903"},{"taxonomy":"product_tag","embeddable":true,"href":"https:\/\/themaradonastore.com\/index.php?rest_route=%2Fwp%2Fv2%2Fproduct_tag&post=3903"}],"curies":[{"name":"wp","href":"https:\/\/api.w.org\/{rel}","templated":true}]}}