{"id":4149,"date":"2025-02-06T19:56:13","date_gmt":"2025-02-06T19:56:13","guid":{"rendered":"https:\/\/themaradonastore.com\/?post_type=product&#038;p=4149"},"modified":"2025-03-07T20:51:25","modified_gmt":"2025-03-07T20:51:25","slug":"mate-imperial-con-bombilla-cuero-y-virola-grabada-maradona","status":"publish","type":"product","link":"https:\/\/themaradonastore.com\/?product=mate-imperial-con-bombilla-cuero-y-virola-grabada-maradona","title":{"rendered":"MATE IMPERIAL CON BOMBILLA, CUERO Y VIROLA GRABADA &#8211; MARADONA"},"content":{"rendered":"<p>Descubre el Elegante Mate Imperial Oficial de Maradona<\/p>\n<p>Mate de Cuero 4 Patas con interior de calabaza y una sofisticada virola en acero inoxidable. \u00a1El mate que combina tradici\u00f3n y modernidad en cada sorbo!<\/p>\n<p>Caracter\u00edsticas Destacadas:<\/p>\n<p>Materiales Premium: Hecho con cuero de alta calidad y calabaza natural.<br \/>Virola en Acero Inoxidable: Disponible en tres variantes para que elijas tu estilo preferido.<br \/>Incluye una Bombilla de 17cm de largo en acero inoxidable, con pico de loro<\/p>\n<p>Edici\u00f3n Especial D10S M10: Este mate lleva la marca oficial de Diego Maradona, incluyendo un grabado exclusivo en el cuero que rinde homenaje a la leyenda del f\u00fatbol.<\/p>\n<p>Este Mate Imperial no solo es una herramienta esencial para los amantes del mate, sino tambi\u00e9n una pieza de colecci\u00f3n \u00fanica. Ideal para disfrutar en tus momentos de relax o compartir con amigos.<\/p>\n<p>\u00a1No te pierdas la oportunidad de tener este mate exclusivo de la marca oficial de Maradona en tu colecci\u00f3n!<\/p>\n<p>Una vez en tu colecci\u00f3n, ten en cuenta esto:<\/p>\n<p>\u00bfC\u00f3mo curar y cuidar tus mates?<br \/>Curado del mate<br \/>Enmantecado: Aplic\u00e1 una capa delgada de manteca en el interior de la calabaza (o del mate de madera) y d\u00e9jalo reposar durante 2 horas.<\/p>\n<p>Yerba h\u00fameda: Llen\u00e1 el mate con yerba h\u00fameda (puede ser yerba utilizada) y dejalo reposar durante toda la noche o hasta un d\u00eda completo.<\/p>\n<p>Raspado: Con una cuchara, rasp\u00e1 suavemente el interior de la calabaza (o del mate de madera) para eliminar cualquier impureza.<\/p>\n<p>Limpieza final: Limpi\u00e1 y enjuag\u00e1 el mate con un poco de agua. Asegurate de secarlo bien antes de usarlo. <\/p>\n<p>\u00a1Listo! Ahora tu mate est\u00e1 preparado para disfrutar.<\/p>\n<p>Cuidados posteriores<br \/>Limpieza despu\u00e9s de cada uso: Enjuag\u00e1 el mate con poca agua tibia y s\u00e9calo al aire. Evit\u00e1 usar detergentes o jabones, ya que pueden alterar el sabor de la yerba.<\/p>\n<p>Evit\u00e1 la humedad: No dejes el mate en lugares h\u00famedos para prevenir el crecimiento de moho.<\/p>\n<p>Almacenamiento: Guard\u00e1 tu mate en un lugar seco y ventilado. Si usas un mate de calabaza, evit\u00e1 la exposici\u00f3n\u00a0directa\u00a0al\u00a0sol.<\/p>\n<p>MARADONA OFFICIAL BRAND<\/p>\n","protected":false},"excerpt":{"rendered":"<p>BOMBILLA INCLUIDA &#8211; FORRADO EN CUERO &#8211; VIROLA GRABADA<\/p>\n","protected":false},"featured_media":4161,"comment_status":"open","ping_status":"closed","template":"","meta":{"om_disable_all_campaigns":false,"_monsterinsights_skip_tracking":false,"_monsterinsights_sitenote_active":false,"_monsterinsights_sitenote_note":"","_monsterinsights_sitenote_category":0,"_uf_show_specific_survey":0,"_uf_disable_surveys":false,"_kad_post_transparent":"","_kad_post_title":"","_kad_post_layout":"","_kad_post_sidebar_id":"","_kad_post_content_style":"","_kad_post_vertical_padding":"","_kad_post_feature":"","_kad_post_feature_position":"","_kad_post_header":false,"_kad_post_footer":false},"product_brand":[],"product_cat":[33],"product_tag":[280,289,282,288,279,290],"class_list":{"0":"post-4149","1":"product","2":"type-product","3":"status-publish","4":"has-post-thumbnail","6":"product_cat-sin-categorizar","7":"product_tag-bombilla","8":"product_tag-cuero","9":"product_tag-grabados","10":"product_tag-imperial","11":"product_tag-mate","12":"product_tag-virola-grabada","14":"first","15":"instock","16":"sale","17":"taxable","18":"shipping-taxable","19":"purchasable","20":"product-type-variable","21":"has-default-attributes","22":"entry","23":"content-bg","24":"loop-entry"},"aioseo_notices":[],"_links":{"self":[{"href":"https:\/\/themaradonastore.com\/index.php?rest_route=\/wp\/v2\/product\/4149","targetHints":{"allow":["GET"]}}],"collection":[{"href":"https:\/\/themaradonastore.com\/index.php?rest_route=\/wp\/v2\/product"}],"about":[{"href":"https:\/\/themaradonastore.com\/index.php?rest_route=\/wp\/v2\/types\/product"}],"replies":[{"embeddable":true,"href":"https:\/\/themaradonastore.com\/index.php?rest_route=%2Fwp%2Fv2%2Fcomments&post=4149"}],"wp:featuredmedia":[{"embeddable":true,"href":"https:\/\/themaradonastore.com\/index.php?rest_route=\/wp\/v2\/media\/4161"}],"wp:attachment":[{"href":"https:\/\/themaradonastore.com\/index.php?rest_route=%2Fwp%2Fv2%2Fmedia&parent=4149"}],"wp:term":[{"taxonomy":"product_brand","embeddable":true,"href":"https:\/\/themaradonastore.com\/index.php?rest_route=%2Fwp%2Fv2%2Fproduct_brand&post=4149"},{"taxonomy":"product_cat","embeddable":true,"href":"https:\/\/themaradonastore.com\/index.php?rest_route=%2Fwp%2Fv2%2Fproduct_cat&post=4149"},{"taxonomy":"product_tag","embeddable":true,"href":"https:\/\/themaradonastore.com\/index.php?rest_route=%2Fwp%2Fv2%2Fproduct_tag&post=4149"}],"curies":[{"name":"wp","href":"https:\/\/api.w.org\/{rel}","templated":true}]}}